lculate the highest common factor of 11772 and 24836740.
436
What is the greatest common divisor of 97 and 283960516?
97
What is the greatest common factor of 6228 and 409140?
36
Calculate the greatest common factor of 383412117 and 33.
33
What is the greatest common divisor of 188125 and 2694552?
301
Calculate the greatest common divisor of 1556308 and 8476.
52
Calculate the greatest common factor of 42652218 and 279.
93
What is the greatest common factor of 1821560 and 1866760?
4520
What is the highest common factor of 1151835 and 5270?
85
Calculate the greatest common factor of 268768489 and 3608.
451
Calculate the greatest common divisor of 2624603 and 174838.
2033
Calculate the highest common factor of 58650 and 150926.
782
What is the greatest common factor of 8653 and 187782?
17
Calculate the greatest common divisor of 420767 and 60316.
17
What is the highest common divisor of 1723290 and 179741?
1853
What is the highest common divisor of 9070340 and 2540?
2540
What is the highest common divisor of 6531187 and 11869?
1079
Calculate the highest common divisor of 46264 and 576.
8
What is the highest common divisor of 2665 and 2241675?
205
Calculate the highest common divisor of 3636 and 23147584.
404
What is the greatest common divisor of 183168 and 7370604?
1908
What is the highest common divisor of 3282104 and 85183?
301
Calculate the highest common divisor of 2515530 and 12.
6
What is the greatest common factor of 212 and 10238858?
106
Calculate the highest common factor of 86793368 and 304.
152
Calculate the highest common factor of 8035256 and 32.
8
Calculate the highest common divisor of 304241 and 539.
49
What is the highest common factor of 78 and 55190811?
39
What is the highest common divisor of 9 and 231299190?
9
What is the greatest common divisor of 270 and 18287190?
90
What is the greatest common factor of 20616947 and 5512?
689
What is the greatest common divisor of 2598 and 31710322?
866
What is the highest common divisor of 94382147 and 22865?
4573
What is the greatest common factor of 2712765800 and 200?
200
Calculate the highest common factor of 18964 and 32098.
22
What is the greatest common factor of 6324855 and 135?
15
What is the highest common factor of 207696 and 766704?
48
Calculate the greatest common divisor of 618 and 8801982.
6
Calculate the highest common factor of 1150390 and 23342615.
8585
Calculate the greatest common factor of 202485 and 1815.
15
What is the greatest common divisor of 22 and 17798166?
2
Calculate the highest common divisor of 76024 and 820053.
559
What is the highest common factor of 4489675 and 404200?
1175
Calculate the highest common factor of 18066316 and 3590.
718
What is the highest common divisor of 1871032 and 256?
8
Calculate the highest common factor of 23992780 and 2890.
2890
Calculate the greatest common divisor of 408866881 and 68.
17
What is the highest common divisor of 50 and 290195950?
50
Calculate the highest common divisor of 587 and 4454743.
587
What is the highest common factor of 6471 and 88416?
9
Calculate the greatest common divisor of 12 and 965080.
4
What is the greatest common factor of 29660 and 1235020?
20
Calculate the highest common divisor of 3384300 and 48.
12
What is the highest common factor of 23673 and 16263?
39
What is the highest common factor of 32464724 and 4?
4
What is the greatest common divisor of 21168 and 928368?
3024
Calculate the highest common divisor of 3959540 and 3492.
388
Calculate the highest common factor of 63856 and 36196528.
4912
What is the highest common factor of 694067 and 319?
11
What is the greatest common factor of 332514 and 626535?
819
Calculate the highest common divisor of 2662 and 291841715.
1331
What is the highest common factor of 3083 and 593258607?
3083
What is the highest common divisor of 546 and 214174506?
546
What is the highest common factor of 28156517 and 6381?
709
Calculate the greatest common divisor of 4210 and 8040.
10
Calculate the highest common divisor of 1499799 and 588.
21
What is the greatest common factor of 69025 and 47152358?
2761
Calculate the highest common divisor of 171 and 855592686.
171
Calculate the highest common factor of 19209 and 353067823.
6403
What is the highest common divisor of 7328338 and 3534?
1178
What is the highest common factor of 504 and 1814456?
56
Calculate the highest common divisor of 1051690 and 69973.
419
What is the highest common factor of 186899086 and 10252?
5126
Calculate the greatest common divisor of 441289 and 16389.
607
Calculate the highest common divisor of 408580724 and 26236.
3748
What is the highest common divisor of 216 and 161416?
8
What is the highest common divisor of 35000 and 1315450?
50
What is the highest common divisor of 4853496 and 96?
24
What is the highest common divisor of 772864 and 2704?
16
What is the highest common divisor of 41395544 and 2703?
901
Calculate the greatest common divisor of 1513978 and 248.
62
Calculate the highest common divisor of 215 and 979080115.
215
Calculate the highest common factor of 2596 and 2527855.
649
What is the highest common divisor of 202074280 and 320?
40
What is the greatest common divisor of 300 and 107938?
2
What is the greatest common factor of 264858 and 193512?
66
What is the highest common divisor of 7828057 and 2204?
551
Calculate the greatest common divisor of 20690889 and 6.
3
Calculate the highest common factor of 10600 and 1782800.
200
What is the highest common divisor of 11767296 and 27636?
564
What is the greatest common divisor of 31708 and 472362003?
7927
Calculate the highest common divisor of 43 and 826632.
43
Calculate the highest common divisor of 48960838 and 654.
218
What is the highest common factor of 48182673 and 21?
21
What is the greatest common factor of 7625698 and 7654?
178
Calculate the highest common factor of 5652 and 252612.
36
What is the highest common factor of 77900 and 258710?
410
What is the highest common divisor of 222 and 5730560?
74
Calculate the greatest common divisor of 23640872 and 184.
184
What is the highest common divisor of 167284674 and 2988?
1494
What is the highest common divisor of 2134 and 3078064?
22
What is the highest common factor of 42912 and 26955441?
1341
Calculate the greatest common divisor of 67393 and 95741.
19
Calculate the greatest common factor of 6392 and 17131784.
136
Calculate the highest common factor of 818646 and 16638.
282
Calculate the greatest common factor of 7648 and 23616.
32
Calculate the highest common divisor of 2769364 and 7124.
52
What is the greatest common divisor of 145250 and 1198750?
1750
What is the greatest common divisor of 158 and 6920716?
158
Calculate the highest common divisor of 9214 and 3655714.
34
What is the greatest common divisor of 7363 and 72492715?
199
What is the greatest common divisor of 72697605 and 7515?
2505
Calculate the highest common divisor of 141358 and 3956.
46
What is the greatest common factor of 1438 and 3611537?
719
Calculate the highest common factor of 8932 and 107329.
29
Calculate the greatest common divisor of 2428 and 22367950.
1214
Calculate the greatest common factor of 9877 and 41027.
7
Calculate the highest common factor of 27952 and 81988457.
1747
Calculate the greatest common factor of 51 and 11299237.
17
What is the greatest common divisor of 468 and 9833967?
117
What is the greatest common divisor of 36655175 and 775?
775
Calculate the highest common factor of 1365468 and 24921.
39
Calculate the greatest common factor of 32229 and 151.
1
What is the highest common divisor of 505393 and 6024137?
3689
What is the highest common factor of 2463903 and 104?
13
Calculate the highest common factor of 4348036 and 58697.
743
Calculate the greatest common factor of 76 and 93684706.
38
Calculate the greatest common factor of 1526 and 23213948.
218
What is the greatest common factor of 739387575 and 1350?
675
What is the highest common factor of 53267456 and 640?
128
Calculate the highest common divisor of 7828678 and 286.
286
Calculate the greatest common factor of 17464881 and 21.
21
Calculate the highest common divisor of 38812 and 2549564.
124
Calculate the highest common factor of 208404 and 61236.
252
What is the highest common divisor of 59 and 995358379?
59
Calcula